{"id":772,"date":"2013-09-29T04:09:41","date_gmt":"2013-09-29T04:09:41","guid":{"rendered":"http:\/\/sindicato.biz\/neu\/?page_id=772"},"modified":"2013-09-30T14:40:40","modified_gmt":"2013-09-30T14:40:40","slug":"revista-umbigo-%e2%80%93-website","status":"publish","type":"page","link":"http:\/\/sindicato.biz\/neu\/trabalhos-work\/revista-umbigo-%e2%80%93-website","title":{"rendered":"Revista Umbigo &#45; website"},"content":{"rendered":"<p>A revista Umbigo, h\u00e1 11 anos no mercado, sentiu necessidade de atualizar o seu website e acentuar a vertente de revista online, complementar \u00e0 revista em papel. Para isso foi refeita toda a arquitetura, para que o acesso aos conte\u00fados seja mais f\u00e1cil, dando primazia aos \u00faltimos artigos. As categorias foram repensadas e foi criada uma nova \u00e1rea de cr\u00f3nicas \u2013 Di\u00e1rios do Umbigo.<\/p>\n<p>Outro dos objetivos foi dar especial destaque aos conte\u00fados, com especial enfoque na escrita. Para que a leitura seja mais f\u00e1cil foi escolhida uma palete de cores pastel que, al\u00e9m de ajudar a definir as sec\u00e7\u00f5es, d\u00e1 visualmente um ambiente confort\u00e1vel e leg\u00edvel.<\/p>\n<p>Foi criada uma estrutura modular para que seja simples acrescentar novas sec\u00e7\u00f5es e funcionalidades, pois \u00e9 inten\u00e7\u00e3o que se v\u00e1 re-inventando.<\/p>\n<p>Muito importante era que o design fosse\u00a0<em>responsive,<\/em> para tamb\u00e9m ser acess\u00edvel em telem\u00f3veis e tablets \u2013 atualmente a percentagem de utilizadores a navegarem com estes dispositivos \u00e9 bastante elevada.<\/p>\n<p>A intera\u00e7\u00e3o com as redes sociais foi uma preocupa\u00e7\u00e3o, sendo poss\u00edvel partilhar, gostar e comentar no Facebook sem sair do website. Tamb\u00e9m \u00e9 poss\u00edvel ter acesso aos artigos mais recomendados nesta rede.<\/p>\n<p><img loading=\"lazy\" src=\"http:\/\/sindicato.biz\/wp-content\/uploads\/2013\/09\/umbigo-1.jpg\" alt=\"\" width=\"540\" height=\"439\" \/><\/p>\n<p><img loading=\"lazy\" src=\"http:\/\/sindicato.biz\/wp-content\/uploads\/2013\/09\/umbigo-2.jpg\" alt=\"\" width=\"540\" height=\"1169\" \/><\/p>\n<p><img loading=\"lazy\" src=\"http:\/\/sindicato.biz\/wp-content\/uploads\/2013\/09\/umbigo-3.jpg\" alt=\"\" width=\"540\" height=\"762\" \/><\/p>\n<p><img loading=\"lazy\" src=\"http:\/\/sindicato.biz\/wp-content\/uploads\/2013\/09\/umbigo-4.jpg\" alt=\"\" width=\"540\" height=\"587\" \/><\/p>\n<p><img loading=\"lazy\" src=\"http:\/\/sindicato.biz\/wp-content\/uploads\/2013\/09\/umbigo-5.jpg\" alt=\"\" width=\"540\" height=\"980\" \/><\/p>\n","protected":false},"excerpt":{"rendered":"<p>A revista Umbigo, h\u00e1 11 anos no mercado, sentiu necessidade de atualizar o seu website e acentuar a vertente de revista online, complementar \u00e0 revista em papel. Para isso foi refeita toda a arquitetura, para que o acesso aos conte\u00fados seja mais f\u00e1cil, dando primazia aos \u00faltimos artigos. As categorias foram repensadas e foi criada &hellip; <a href=\"http:\/\/sindicato.biz\/neu\/trabalhos-work\/revista-umbigo-%e2%80%93-website\" class=\"more-link\">Continue reading<span class=\"screen-reader-text\"> &#8220;Revista Umbigo &#45; website&#8221;<\/span><\/a><\/p>\n","protected":false},"author":1,"featured_media":0,"parent":19,"menu_order":13,"comment_status":"open","ping_status":"open","template":"","meta":[],"_links":{"self":[{"href":"http:\/\/sindicato.biz\/neu\/wp-json\/wp\/v2\/pages\/772"}],"collection":[{"href":"http:\/\/sindicato.biz\/neu\/wp-json\/wp\/v2\/pages"}],"about":[{"href":"http:\/\/sindicato.biz\/neu\/wp-json\/wp\/v2\/types\/page"}],"author":[{"embeddable":true,"href":"http:\/\/sindicato.biz\/neu\/wp-json\/wp\/v2\/users\/1"}],"replies":[{"embeddable":true,"href":"http:\/\/sindicato.biz\/neu\/wp-json\/wp\/v2\/comments?post=772"}],"version-history":[{"count":4,"href":"http:\/\/sindicato.biz\/neu\/wp-json\/wp\/v2\/pages\/772\/revisions"}],"predecessor-version":[{"id":781,"href":"http:\/\/sindicato.biz\/neu\/wp-json\/wp\/v2\/pages\/772\/revisions\/781"}],"up":[{"embeddable":true,"href":"http:\/\/sindicato.biz\/neu\/wp-json\/wp\/v2\/pages\/19"}],"wp:attachment":[{"href":"http:\/\/sindicato.biz\/neu\/wp-json\/wp\/v2\/media?parent=772"}],"curies":[{"name":"wp","href":"https:\/\/api.w.org\/{rel}","templated":true}]}}

<p>A revista Umbigo, há 11 anos no mercado, sentiu necessidade de atualizar o seu website e acentuar a vertente de revista online, complementar à revista em papel. Para isso foi refeita toda a arquitetura, para que o acesso aos conteúdos seja mais fácil, dando primazia aos últimos artigos. As categorias foram repensadas e foi criada uma nova área de crónicas – Diários do Umbigo.</p>
<p>Outro dos objetivos foi dar especial destaque aos conteúdos, com especial enfoque na escrita. Para que a leitura seja mais fácil foi escolhida uma palete de cores pastel que, além de ajudar a definir as secções, dá visualmente um ambiente confortável e legível.</p>
<p>Foi criada uma estrutura modular para que seja simples acrescentar novas secções e funcionalidades, pois é intenção que se vá re-inventando.</p>
<p>Muito importante era que o design fosse <em>responsive,</em> para também ser acessível em telemóveis e tablets – atualmente a percentagem de utilizadores a navegarem com estes dispositivos é bastante elevada.</p>
<p>A interação com as redes sociais foi uma preocupação, sendo possível partilhar, gostar e comentar no Facebook sem sair do website. Também é possível ter acesso aos artigos mais recomendados nesta rede.</p>
<p><img loading="lazy" src="http://sindicato.biz/wp-content/uploads/2013/09/umbigo-1.jpg" alt="" width="540" height="439" /></p>
<p><img loading="lazy" src="http://sindicato.biz/wp-content/uploads/2013/09/umbigo-2.jpg" alt="" width="540" height="1169" /></p>
<p><img loading="lazy" src="http://sindicato.biz/wp-content/uploads/2013/09/umbigo-3.jpg" alt="" width="540" height="762" /></p>
<p><img loading="lazy" src="http://sindicato.biz/wp-content/uploads/2013/09/umbigo-4.jpg" alt="" width="540" height="587" /></p>
<p><img loading="lazy" src="http://sindicato.biz/wp-content/uploads/2013/09/umbigo-5.jpg" alt="" width="540" height="980" /></p>

<p>A revista Umbigo, há 11 anos no mercado, sentiu necessidade de atualizar o seu website e acentuar a vertente de revista online, complementar à revista em papel. Para isso foi refeita toda a arquitetura, para que o acesso aos conteúdos seja mais fácil, dando primazia aos últimos artigos. As categorias foram repensadas e foi criada &hellip; <a href="http://sindicato.biz/neu/trabalhos-work/revista-umbigo-%e2%80%93-website" class="more-link">Continue reading<span class="screen-reader-text"> &#8220;Revista Umbigo &#45; website&#8221;</span></a></p>
