{"id":765,"date":"2013-09-29T04:04:30","date_gmt":"2013-09-29T04:04:30","guid":{"rendered":"http:\/\/sindicato.biz\/neu\/?page_id=765"},"modified":"2013-09-29T04:07:06","modified_gmt":"2013-09-29T04:07:06","slug":"david-golias-%e2%80%93-identidade-e-web-site","status":"publish","type":"page","link":"http:\/\/sindicato.biz\/neu\/trabalhos-work\/david-golias-%e2%80%93-identidade-e-web-site","title":{"rendered":"David &#038; Golias \u2013 identidade e web site"},"content":{"rendered":"<p>Projeto de renova\u00e7\u00e3o da identidade gr\u00e1fica e website para a produtora de cinema David &amp; Golias.<\/p>\n<p>O log\u00f3tipo tem como base a rela\u00e7\u00e3o hist\u00f3rica entre David, o pequeno, e Golias, o grande, atrav\u00e9s da pedra arremessada pela funda do primeiro que, neste caso, tomou a forma do &amp;.<\/p>\n<p><img loading=\"lazy\" src=\"http:\/\/sindicato.biz\/wp-content\/uploads\/2013\/09\/DG-1.jpg\" alt=\"\" width=\"540\" height=\"333\" \/><\/p>\n<p><img loading=\"lazy\" src=\"http:\/\/sindicato.biz\/wp-content\/uploads\/2013\/09\/DG-21.jpg\" alt=\"\" width=\"540\" height=\"330\" \/><\/p>\n<p><img loading=\"lazy\" src=\"http:\/\/sindicato.biz\/wp-content\/uploads\/2013\/09\/DG-3.jpg\" alt=\"\" width=\"540\" height=\"970\" \/><\/p>\n<p>O website teve como principal preocupa\u00e7\u00e3o organizar o arquivo de 30 anos de produ\u00e7\u00e3o da empresa que estava disperso por v\u00e1rios suportes. Foi, assim, criado uma esp\u00e9cie de &#8220;youtube&#8221; da empresa que permite aos visitantes terem uma no\u00e7\u00e3o bastante boa de todas as produ\u00e7\u00f5es, servindo, tamb\u00e9m, como uma ferramenta interna de trabalho da produtora.<\/p>\n<p><a href=\"http:\/\/www.david-golias.com\/\" target=\"_blank\"><img loading=\"lazy\" src=\"http:\/\/sindicato.biz\/wp-content\/uploads\/2013\/09\/DG-4.jpg\" alt=\"\" width=\"540\" height=\"439\" \/><\/a><\/p>\n<p><a href=\"http:\/\/www.david-golias.com\/\" target=\"_blank\"><img loading=\"lazy\" src=\"http:\/\/sindicato.biz\/wp-content\/uploads\/2013\/09\/DG-5.jpg\" alt=\"\" width=\"540\" height=\"553\" \/><\/a><\/p>\n<p><a href=\"http:\/\/www.david-golias.com\/\" target=\"_blank\"><img loading=\"lazy\" src=\"http:\/\/sindicato.biz\/wp-content\/uploads\/2013\/09\/DG-6.jpg\" alt=\"\" width=\"540\" height=\"493\" \/><\/a><\/p>\n<p><a href=\"http:\/\/www.david-golias.com\/\" target=\"_blank\">Ver website<\/a><\/p>\n","protected":false},"excerpt":{"rendered":"<p>Projeto de renova\u00e7\u00e3o da identidade gr\u00e1fica e website para a produtora de cinema David &amp; Golias. O log\u00f3tipo tem como base a rela\u00e7\u00e3o hist\u00f3rica entre David, o pequeno, e Golias, o grande, atrav\u00e9s da pedra arremessada pela funda do primeiro que, neste caso, tomou a forma do &amp;. O website teve como principal preocupa\u00e7\u00e3o organizar &hellip; <a href=\"http:\/\/sindicato.biz\/neu\/trabalhos-work\/david-golias-%e2%80%93-identidade-e-web-site\" class=\"more-link\">Continue reading<span class=\"screen-reader-text\"> &#8220;David &#038; Golias \u2013 identidade e web site&#8221;<\/span><\/a><\/p>\n","protected":false},"author":1,"featured_media":0,"parent":19,"menu_order":8,"comment_status":"open","ping_status":"open","template":"","meta":[],"_links":{"self":[{"href":"http:\/\/sindicato.biz\/neu\/wp-json\/wp\/v2\/pages\/765"}],"collection":[{"href":"http:\/\/sindicato.biz\/neu\/wp-json\/wp\/v2\/pages"}],"about":[{"href":"http:\/\/sindicato.biz\/neu\/wp-json\/wp\/v2\/types\/page"}],"author":[{"embeddable":true,"href":"http:\/\/sindicato.biz\/neu\/wp-json\/wp\/v2\/users\/1"}],"replies":[{"embeddable":true,"href":"http:\/\/sindicato.biz\/neu\/wp-json\/wp\/v2\/comments?post=765"}],"version-history":[{"count":5,"href":"http:\/\/sindicato.biz\/neu\/wp-json\/wp\/v2\/pages\/765\/revisions"}],"predecessor-version":[{"id":770,"href":"http:\/\/sindicato.biz\/neu\/wp-json\/wp\/v2\/pages\/765\/revisions\/770"}],"up":[{"embeddable":true,"href":"http:\/\/sindicato.biz\/neu\/wp-json\/wp\/v2\/pages\/19"}],"wp:attachment":[{"href":"http:\/\/sindicato.biz\/neu\/wp-json\/wp\/v2\/media?parent=765"}],"curies":[{"name":"wp","href":"https:\/\/api.w.org\/{rel}","templated":true}]}}