{"id":729,"date":"2011-11-03T17:49:33","date_gmt":"2011-11-03T17:49:33","guid":{"rendered":"http:\/\/sindicato.biz\/neu\/?page_id=729"},"modified":"2013-09-29T04:06:29","modified_gmt":"2013-09-29T04:06:29","slug":"festival-rehab-design-grafico-e-ilustracao","status":"publish","type":"page","link":"http:\/\/sindicato.biz\/neu\/trabalhos-work\/festival-rehab-design-grafico-e-ilustracao","title":{"rendered":"Festival reHab &#8211; design gr\u00e1fico e ilustra\u00e7\u00e3o"},"content":{"rendered":"<p>Este evento, inserido na Semana Europeia da Mobilidade, teve como   objectivo assinalar a reabertura dos bares Europa, Tokyo e Jamaica no   Cais do Sodr\u00e9. Os bares, fechados por ordem da C\u00e2mara Municipal de   Lisboa devido ao risco de derrocada do edif\u00edcio que os alberga,   reabriram ap\u00f3s as obras de consolida\u00e7\u00e3o da sua estrutura.<\/p>\n<p>A ilustra\u00e7\u00e3o, baseada no quadro <a href=\"http:\/\/www1.ci.uc.pt\/iej\/alunos\/1999-2000\/medusa\/index.htm\" target=\"_blank\"><em>A Jangada da Medusa<\/em><\/a> de G\u00e9ricault, \u00e9 um detalhe de <em>A Jangada da Medusa Remix<\/em>.<\/p>\n<p><strong>Cartaz<\/strong><\/p>\n<p><img loading=\"lazy\" src=\"..\/..\/wp-content\/uploads\/2011\/11\/reHab_cartaz.jpg\" alt=\"\" width=\"540\" height=\"754\" \/><\/p>\n<p>Dimens\u00f5es: 500 x 700 mm<\/p>\n<p><strong>Flyer<\/strong><\/p>\n<p><img loading=\"lazy\" src=\"..\/..\/wp-content\/uploads\/2011\/11\/reHab_flyer.jpg\" alt=\"\" width=\"540\" height=\"1666\" \/><\/p>\n<p>Dimens\u00f5es: 105 x 148 mm (fechado); 148 x 210 mm (aberto)<\/p>\n<p><strong>Webflyer<\/strong><\/p>\n<p><img loading=\"lazy\" src=\"..\/..\/wp-content\/uploads\/2011\/11\/reHab_webflyer.jpg\" alt=\"\" width=\"540\" height=\"391\" \/><\/p>\n<p>Dimens\u00f5es: 900 x 652 pixels<\/p>\n<p><strong>Passes<\/strong><\/p>\n<p><img loading=\"lazy\" src=\"..\/..\/wp-content\/uploads\/2011\/11\/reHab_passes.jpg\" alt=\"\" width=\"540\" height=\"992\" \/><\/p>\n<p>Dimens\u00f5es: 100 x 100 mm<\/p>\n<p><strong>Pulseira<\/strong><\/p>\n<p><img loading=\"lazy\" src=\"..\/..\/wp-content\/uploads\/2011\/11\/reHab_pulseira.jpg\" alt=\"\" width=\"540\" height=\"543\" \/><\/p>\n<p>Dimens\u00f5es: 250 x 25 mm<\/p>\n<p><strong>Tela<\/strong><\/p>\n<p><img loading=\"lazy\" src=\"..\/..\/wp-content\/uploads\/2011\/11\/reHab_tela.jpg\" alt=\"\" width=\"540\" height=\"369\" \/><\/p>\n<p>Dimens\u00f5es: 12 x 8 m (n\u00e3o foi produzido)<\/p>\n","protected":false},"excerpt":{"rendered":"<p>Este evento, inserido na Semana Europeia da Mobilidade, teve como objectivo assinalar a reabertura dos bares Europa, Tokyo e Jamaica no Cais do Sodr\u00e9. Os bares, fechados por ordem da C\u00e2mara Municipal de Lisboa devido ao risco de derrocada do edif\u00edcio que os alberga, reabriram ap\u00f3s as obras de consolida\u00e7\u00e3o da sua estrutura. A ilustra\u00e7\u00e3o, &hellip; <a href=\"http:\/\/sindicato.biz\/neu\/trabalhos-work\/festival-rehab-design-grafico-e-ilustracao\" class=\"more-link\">Continue reading<span class=\"screen-reader-text\"> &#8220;Festival reHab &#8211; design gr\u00e1fico e ilustra\u00e7\u00e3o&#8221;<\/span><\/a><\/p>\n","protected":false},"author":1,"featured_media":0,"parent":19,"menu_order":9,"comment_status":"closed","ping_status":"closed","template":"","meta":[],"_links":{"self":[{"href":"http:\/\/sindicato.biz\/neu\/wp-json\/wp\/v2\/pages\/729"}],"collection":[{"href":"http:\/\/sindicato.biz\/neu\/wp-json\/wp\/v2\/pages"}],"about":[{"href":"http:\/\/sindicato.biz\/neu\/wp-json\/wp\/v2\/types\/page"}],"author":[{"embeddable":true,"href":"http:\/\/sindicato.biz\/neu\/wp-json\/wp\/v2\/users\/1"}],"replies":[{"embeddable":true,"href":"http:\/\/sindicato.biz\/neu\/wp-json\/wp\/v2\/comments?post=729"}],"version-history":[{"count":9,"href":"http:\/\/sindicato.biz\/neu\/wp-json\/wp\/v2\/pages\/729\/revisions"}],"predecessor-version":[{"id":769,"href":"http:\/\/sindicato.biz\/neu\/wp-json\/wp\/v2\/pages\/729\/revisions\/769"}],"up":[{"embeddable":true,"href":"http:\/\/sindicato.biz\/neu\/wp-json\/wp\/v2\/pages\/19"}],"wp:attachment":[{"href":"http:\/\/sindicato.biz\/neu\/wp-json\/wp\/v2\/media?parent=729"}],"curies":[{"name":"wp","href":"https:\/\/api.w.org\/{rel}","templated":true}]}}

Festival reHab &#8211; design gráfico e ilustração

<p>Este evento, inserido na Semana Europeia da Mobilidade, teve como   objectivo assinalar a reabertura dos bares Europa, Tokyo e Jamaica no   Cais do Sodré. Os bares, fechados por ordem da Câmara Municipal de   Lisboa devido ao risco de derrocada do edifício que os alberga,   reabriram após as obras de consolidação da sua estrutura.</p>
<p>A ilustração, baseada no quadro <a href="http://www1.ci.uc.pt/iej/alunos/1999-2000/medusa/index.htm" target="_blank"><em>A Jangada da Medusa</em></a> de Géricault, é um detalhe de <em>A Jangada da Medusa Remix</em>.</p>
<p><strong>Cartaz</strong></p>
<p><img loading="lazy" src="../../wp-content/uploads/2011/11/reHab_cartaz.jpg" alt="" width="540" height="754" /></p>
<p>Dimensões: 500 x 700 mm</p>
<p><strong>Flyer</strong></p>
<p><img loading="lazy" src="../../wp-content/uploads/2011/11/reHab_flyer.jpg" alt="" width="540" height="1666" /></p>
<p>Dimensões: 105 x 148 mm (fechado); 148 x 210 mm (aberto)</p>
<p><strong>Webflyer</strong></p>
<p><img loading="lazy" src="../../wp-content/uploads/2011/11/reHab_webflyer.jpg" alt="" width="540" height="391" /></p>
<p>Dimensões: 900 x 652 pixels</p>
<p><strong>Passes</strong></p>
<p><img loading="lazy" src="../../wp-content/uploads/2011/11/reHab_passes.jpg" alt="" width="540" height="992" /></p>
<p>Dimensões: 100 x 100 mm</p>
<p><strong>Pulseira</strong></p>
<p><img loading="lazy" src="../../wp-content/uploads/2011/11/reHab_pulseira.jpg" alt="" width="540" height="543" /></p>
<p>Dimensões: 250 x 25 mm</p>
<p><strong>Tela</strong></p>
<p><img loading="lazy" src="../../wp-content/uploads/2011/11/reHab_tela.jpg" alt="" width="540" height="369" /></p>
<p>Dimensões: 12 x 8 m (não foi produzido)</p>

<p>Este evento, inserido na Semana Europeia da Mobilidade, teve como objectivo assinalar a reabertura dos bares Europa, Tokyo e Jamaica no Cais do Sodré. Os bares, fechados por ordem da Câmara Municipal de Lisboa devido ao risco de derrocada do edifício que os alberga, reabriram após as obras de consolidação da sua estrutura. A ilustração, &hellip; <a href="http://sindicato.biz/neu/trabalhos-work/festival-rehab-design-grafico-e-ilustracao" class="more-link">Continue reading<span class="screen-reader-text"> &#8220;Festival reHab &#8211; design gráfico e ilustração&#8221;</span></a></p>
