{"id":67,"date":"2008-01-23T20:25:29","date_gmt":"2008-01-23T20:25:29","guid":{"rendered":"http:\/\/sindicato.biz\/neu\/?page_id=67"},"modified":"2011-05-27T01:53:07","modified_gmt":"2011-05-27T01:53:07","slug":"yorn-store-be-happy-go-naked","status":"publish","type":"page","link":"http:\/\/sindicato.biz\/neu\/trabalhos-work\/yorn-store-be-happy-go-naked","title":{"rendered":"Yorn Store &#45; Be Happy. Go Naked."},"content":{"rendered":"<h4><strong>Promo\u00e7\u00e3o da loja Yorn Store no Chiado &#8211; 2003<\/strong><\/h4>\n<p><strong><em>\u2022 Pr\u00e9mio ouro no concurso do Clube de Criativos de Portugal 2004.<\/em><\/strong><\/p>\n<p><strong><em>\u2022 Pr\u00e9mio Neur\u00f3nio &#8211; O Melhor em Marketing Relacional 2004. <\/em><\/strong><\/p>\n<p>Com o objectivo de dar a conhecer a mudan\u00e7a de nome da loja Vyrus para Yorn Store e assinalar o lan\u00e7amento da nova colec\u00e7\u00e3o Outono\/Inverno 03\/04, propunha-se, a quem chegasse n\u00fa, sa\u00edr vestido com roupa da loja. Atrav\u00e9s de uma parceria com a Sic Radical, o evento foi filmado, resultando da\u00ed, um programa televisivo \u201cBe Happy. Go Naked.\u201d<\/p>\n<p><!-- InstanceBeginEditable name=\"direitos\" --><em><span class=\"style6\">*Trabalho desenvolvido na Brandia. Direitos pertencentes a Brandia Central e Vodafone.<\/span><\/em><\/p>\n<p><strong>Flyer, convite imprensa e convite festa<\/strong><\/p>\n<p><a title=\"naked_1.jpg\" href=\"http:\/\/sindicato.biz\/neu\/wp-content\/uploads\/2008\/01\/naked_1.jpg\"><img src=\"http:\/\/sindicato.biz\/neu\/wp-content\/uploads\/2008\/01\/naked_1.jpg\" alt=\"naked_1.jpg\" \/><\/a><\/p>\n<p><strong>Mupi<\/strong><\/p>\n<p><a title=\"naked_2.jpg\" href=\"http:\/\/sindicato.biz\/neu\/wp-content\/uploads\/2008\/01\/naked_2.jpg\"><img src=\"http:\/\/sindicato.biz\/neu\/wp-content\/uploads\/2008\/01\/naked_2.jpg\" alt=\"naked_2.jpg\" \/><\/a><\/p>\n<p><strong>Cartazes sanduiche<\/strong><\/p>\n<p><a title=\"naked_3.jpg\" href=\"http:\/\/sindicato.biz\/neu\/wp-content\/uploads\/2008\/01\/naked_3.jpg\"><img src=\"http:\/\/sindicato.biz\/neu\/wp-content\/uploads\/2008\/01\/naked_3.jpg\" alt=\"naked_3.jpg\" \/><\/a><\/p>\n<p><strong>T-shirts staff<\/strong><\/p>\n<p><a title=\"naked_4.jpg\" href=\"http:\/\/sindicato.biz\/neu\/wp-content\/uploads\/2008\/01\/naked_4.jpg\"><img src=\"http:\/\/sindicato.biz\/neu\/wp-content\/uploads\/2008\/01\/naked_4.jpg\" alt=\"naked_4.jpg\" \/><\/a><\/p>\n<p><strong>Chiado<\/strong><\/p>\n<p><object classid=\"clsid:d27cdb6e-ae6d-11cf-96b8-444553540000\" width=\"540\" height=\"405\" codebase=\"http:\/\/download.macromedia.com\/pub\/shockwave\/cabs\/flash\/swflash.cab#version=6,0,40,0\"><param name=\"allowfullscreen\" value=\"true\" \/><param name=\"allowscriptaccess\" value=\"always\" \/><param name=\"src\" value=\"http:\/\/vimeo.com\/moogaloop.swf?clip_id=24293657&amp;server=vimeo.com&amp;show_title=0&amp;show_byline=0&amp;show_portrait=0&amp;color=00adef&amp;fullscreen=1&amp;autoplay=0&amp;loop=0\" \/><embed type=\"application\/x-shockwave-flash\" width=\"540\" height=\"405\" src=\"http:\/\/vimeo.com\/moogaloop.swf?clip_id=24293657&amp;server=vimeo.com&amp;show_title=0&amp;show_byline=0&amp;show_portrait=0&amp;color=00adef&amp;fullscreen=1&amp;autoplay=0&amp;loop=0\" allowscriptaccess=\"always\" allowfullscreen=\"true\"><\/embed><\/object><\/p>\n<p><a href=\"http:\/\/vimeo.com\/24293657\"><\/a><\/p>\n<p><strong>Entrada dos participantes<\/strong><\/p>\n<p><object classid=\"clsid:d27cdb6e-ae6d-11cf-96b8-444553540000\" width=\"540\" height=\"405\" codebase=\"http:\/\/download.macromedia.com\/pub\/shockwave\/cabs\/flash\/swflash.cab#version=6,0,40,0\"><param name=\"allowfullscreen\" value=\"true\" \/><param name=\"allowscriptaccess\" value=\"always\" \/><param name=\"src\" value=\"http:\/\/vimeo.com\/moogaloop.swf?clip_id=24293711&amp;server=vimeo.com&amp;show_title=0&amp;show_byline=0&amp;show_portrait=0&amp;color=00adef&amp;fullscreen=1&amp;autoplay=0&amp;loop=0\" \/><embed type=\"application\/x-shockwave-flash\" width=\"540\" height=\"405\" src=\"http:\/\/vimeo.com\/moogaloop.swf?clip_id=24293711&amp;server=vimeo.com&amp;show_title=0&amp;show_byline=0&amp;show_portrait=0&amp;color=00adef&amp;fullscreen=1&amp;autoplay=0&amp;loop=0\" allowscriptaccess=\"always\" allowfullscreen=\"true\"><\/embed><\/object><\/p>\n<p><a href=\"http:\/\/vimeo.com\/24293711\"><\/a><\/p>\n<p><strong>Escolha da roupa<\/strong><\/p>\n<p><object classid=\"clsid:d27cdb6e-ae6d-11cf-96b8-444553540000\" width=\"540\" height=\"405\" codebase=\"http:\/\/download.macromedia.com\/pub\/shockwave\/cabs\/flash\/swflash.cab#version=6,0,40,0\"><param name=\"allowfullscreen\" value=\"true\" \/><param name=\"allowscriptaccess\" value=\"always\" \/><param name=\"src\" value=\"http:\/\/vimeo.com\/moogaloop.swf?clip_id=24293741&amp;server=vimeo.com&amp;show_title=0&amp;show_byline=0&amp;show_portrait=0&amp;color=00adef&amp;fullscreen=1&amp;autoplay=0&amp;loop=0\" \/><embed type=\"application\/x-shockwave-flash\" width=\"540\" height=\"405\" src=\"http:\/\/vimeo.com\/moogaloop.swf?clip_id=24293741&amp;server=vimeo.com&amp;show_title=0&amp;show_byline=0&amp;show_portrait=0&amp;color=00adef&amp;fullscreen=1&amp;autoplay=0&amp;loop=0\" allowscriptaccess=\"always\" allowfullscreen=\"true\"><\/embed><\/object><\/p>\n<p><a href=\"http:\/\/vimeo.com\/24293741\"><\/a><\/p>\n<p><strong>Imprensa<\/strong> (<em>&gt;clique para ampliar<\/em>)<\/p>\n<p><a title=\"news_1.jpg\" href=\"http:\/\/sindicato.biz\/neu\/wp-content\/uploads\/2008\/01\/news_1.jpg\"><img src=\"http:\/\/sindicato.biz\/neu\/wp-content\/uploads\/2008\/01\/news_1.thumbnail.jpg\" alt=\"news_1.jpg\" \/><\/a><a title=\"news_2.jpg\" href=\"http:\/\/sindicato.biz\/neu\/wp-content\/uploads\/2008\/01\/news_2.jpg\"> <\/a><a title=\"news_2.jpg\" href=\"http:\/\/sindicato.biz\/neu\/wp-content\/uploads\/2008\/01\/news_2.jpg\"><img src=\"http:\/\/sindicato.biz\/neu\/wp-content\/uploads\/2008\/01\/news_2.thumbnail.jpg\" alt=\"news_2.jpg\" \/><\/a><a title=\"news_3.jpg\" href=\"http:\/\/sindicato.biz\/neu\/wp-content\/uploads\/2008\/01\/news_3.jpg\"><img src=\"http:\/\/sindicato.biz\/neu\/wp-content\/uploads\/2008\/01\/news_3.thumbnail.jpg\" alt=\"news_3.jpg\" \/><\/a><a title=\"news_4.jpg\" href=\"http:\/\/sindicato.biz\/neu\/wp-content\/uploads\/2008\/01\/news_4.jpg\"><img src=\"http:\/\/sindicato.biz\/neu\/wp-content\/uploads\/2008\/01\/news_4.thumbnail.jpg\" alt=\"news_4.jpg\" \/><\/a><a title=\"news_5.jpg\" href=\"http:\/\/sindicato.biz\/neu\/wp-content\/uploads\/2008\/01\/news_5.jpg\"><img src=\"http:\/\/sindicato.biz\/neu\/wp-content\/uploads\/2008\/01\/news_5.thumbnail.jpg\" alt=\"news_5.jpg\" \/><\/a><a title=\"news_6.jpg\" href=\"http:\/\/sindicato.biz\/neu\/wp-content\/uploads\/2008\/01\/news_6.jpg\"><img src=\"http:\/\/sindicato.biz\/neu\/wp-content\/uploads\/2008\/01\/news_6.thumbnail.jpg\" alt=\"news_6.jpg\" \/> <\/a><a title=\"news_7.jpg\" href=\"http:\/\/sindicato.biz\/neu\/wp-content\/uploads\/2008\/01\/news_7.jpg\"><img src=\"http:\/\/sindicato.biz\/neu\/wp-content\/uploads\/2008\/01\/news_7.thumbnail.jpg\" alt=\"news_7.jpg\" \/><\/a><a title=\"news_2.jpg\" href=\"http:\/\/sindicato.biz\/neu\/wp-content\/uploads\/2008\/01\/news_2.jpg\"> <\/a><\/p>\n","protected":false},"excerpt":{"rendered":"<p>Promo\u00e7\u00e3o da loja Yorn Store no Chiado &#8211; 2003 \u2022 Pr\u00e9mio ouro no concurso do Clube de Criativos de Portugal 2004. \u2022 Pr\u00e9mio Neur\u00f3nio &#8211; O Melhor em Marketing Relacional 2004. Com o objectivo de dar a conhecer a mudan\u00e7a de nome da loja Vyrus para Yorn Store e assinalar o lan\u00e7amento da nova colec\u00e7\u00e3o &hellip; <a href=\"http:\/\/sindicato.biz\/neu\/trabalhos-work\/yorn-store-be-happy-go-naked\" class=\"more-link\">Continue reading<span class=\"screen-reader-text\"> &#8220;Yorn Store &#45; Be Happy. Go Naked.&#8221;<\/span><\/a><\/p>\n","protected":false},"author":1,"featured_media":0,"parent":19,"menu_order":31,"comment_status":"closed","ping_status":"closed","template":"","meta":[],"_links":{"self":[{"href":"http:\/\/sindicato.biz\/neu\/wp-json\/wp\/v2\/pages\/67"}],"collection":[{"href":"http:\/\/sindicato.biz\/neu\/wp-json\/wp\/v2\/pages"}],"about":[{"href":"http:\/\/sindicato.biz\/neu\/wp-json\/wp\/v2\/types\/page"}],"author":[{"embeddable":true,"href":"http:\/\/sindicato.biz\/neu\/wp-json\/wp\/v2\/users\/1"}],"replies":[{"embeddable":true,"href":"http:\/\/sindicato.biz\/neu\/wp-json\/wp\/v2\/comments?post=67"}],"version-history":[{"count":9,"href":"http:\/\/sindicato.biz\/neu\/wp-json\/wp\/v2\/pages\/67\/revisions"}],"predecessor-version":[{"id":506,"href":"http:\/\/sindicato.biz\/neu\/wp-json\/wp\/v2\/pages\/67\/revisions\/506"}],"up":[{"embeddable":true,"href":"http:\/\/sindicato.biz\/neu\/wp-json\/wp\/v2\/pages\/19"}],"wp:attachment":[{"href":"http:\/\/sindicato.biz\/neu\/wp-json\/wp\/v2\/media?parent=67"}],"curies":[{"name":"wp","href":"https:\/\/api.w.org\/{rel}","templated":true}]}}