{"id":596,"date":"2010-07-21T14:12:34","date_gmt":"2010-07-21T14:12:34","guid":{"rendered":"http:\/\/sindicato.biz\/neu\/?page_id=596"},"modified":"2011-05-26T23:12:37","modified_gmt":"2011-05-26T23:12:37","slug":"associacao-memoriando-identidade-e-web-site-arquivo","status":"publish","type":"page","link":"http:\/\/sindicato.biz\/neu\/trabalhos-work\/associacao-memoriando-identidade-e-web-site-arquivo","title":{"rendered":"Associa\u00e7\u00e3o Memoriando &#45; identidade e web site arquivo"},"content":{"rendered":"<p>A associa\u00e7\u00e3o Memoriando \u00e9\u00a0 um projecto que pretende estabelecer  pontes para o futuro,  salvaguardando um passado ainda por descrever,  com o objectivo de  sistematizar\u00a0 e recuperar informa\u00e7\u00e3o. Um grupo de  antigos respons\u00e1veis  das <a href=\"http:\/\/memoriando.net\/br\" target=\"_blank\">Brigadas Revolucion\u00e1rias (BR)<\/a> e do <a href=\"http:\/\/memoriando.net\/prp\" target=\"_blank\">Partido Revolucion\u00e1rio   do Proletariado (PRP)<\/a>, resolveram juntar todas as pe\u00e7as  poss\u00edveis  da mem\u00f3ria destas organiza\u00e7\u00f5es e da sua experi\u00eancia hist\u00f3rica por  entenderem que \u00e9 uma experi\u00eancia suficientemente rica e importante para   n\u00e3o ficar perdida ou dilu\u00edda. Esta recolha diz respeito ao per\u00edodo das   BR e do PRP anterior ao 25 de Abril e a todo o per\u00edodo posterior a esta   data.<\/p>\n<p><strong>Cartaz<\/strong><\/p>\n<p><strong><img loading=\"lazy\" src=\"..\/..\/wp-content\/uploads\/2010\/05\/memoriando_cartaz1.jpg\" alt=\"\" width=\"540\" height=\"684\" \/><br \/>\n<\/strong><\/p>\n<p><strong>Autocolante\u00a0 (65 x 50 mm)<\/strong><\/p>\n<p><strong><img loading=\"lazy\" src=\"..\/..\/wp-content\/uploads\/2010\/05\/memoriando_autocolante_11.jpg\" alt=\"\" width=\"540\" height=\"165\" \/><br \/>\n<\/strong><\/p>\n<p><strong>Autocolantes\u00a0 (85 x 55 mm)<\/strong><\/p>\n<p><img loading=\"lazy\" src=\"..\/..\/wp-content\/uploads\/2010\/05\/memoriando_autocolantes_21.jpg\" alt=\"\" width=\"540\" height=\"354\" \/><\/p>\n<p><strong>Cart\u00f5es de visita\u00a0 (85 x 55 mm)<\/strong><\/p>\n<p><img loading=\"lazy\" src=\"..\/..\/wp-content\/uploads\/2010\/05\/memoriando_cartoes_visita1.jpg\" alt=\"\" width=\"540\" height=\"530\" \/><\/p>\n<p><strong>Web site<\/strong><\/p>\n<p><a href=\"http:\/\/memoriando.net\/\" target=\"_blank\"><img loading=\"lazy\" title=\"ver site\" src=\"..\/..\/wp-content\/uploads\/2010\/05\/memoriando_site.jpg\" alt=\"\" width=\"540\" height=\"503\" \/><\/a><\/p>\n<p><a href=\"http:\/\/memoriando.net\/\" target=\"_blank\">Ver web site  memoriando.net<\/a><\/p>\n","protected":false},"excerpt":{"rendered":"<p>A associa\u00e7\u00e3o Memoriando \u00e9\u00a0 um projecto que pretende estabelecer pontes para o futuro, salvaguardando um passado ainda por descrever, com o objectivo de sistematizar\u00a0 e recuperar informa\u00e7\u00e3o. Um grupo de antigos respons\u00e1veis das Brigadas Revolucion\u00e1rias (BR) e do Partido Revolucion\u00e1rio do Proletariado (PRP), resolveram juntar todas as pe\u00e7as poss\u00edveis da mem\u00f3ria destas organiza\u00e7\u00f5es e da &hellip; <a href=\"http:\/\/sindicato.biz\/neu\/trabalhos-work\/associacao-memoriando-identidade-e-web-site-arquivo\" class=\"more-link\">Continue reading<span class=\"screen-reader-text\"> &#8220;Associa\u00e7\u00e3o Memoriando &#45; identidade e web site arquivo&#8221;<\/span><\/a><\/p>\n","protected":false},"author":1,"featured_media":0,"parent":19,"menu_order":6,"comment_status":"closed","ping_status":"closed","template":"","meta":[],"_links":{"self":[{"href":"http:\/\/sindicato.biz\/neu\/wp-json\/wp\/v2\/pages\/596"}],"collection":[{"href":"http:\/\/sindicato.biz\/neu\/wp-json\/wp\/v2\/pages"}],"about":[{"href":"http:\/\/sindicato.biz\/neu\/wp-json\/wp\/v2\/types\/page"}],"author":[{"embeddable":true,"href":"http:\/\/sindicato.biz\/neu\/wp-json\/wp\/v2\/users\/1"}],"replies":[{"embeddable":true,"href":"http:\/\/sindicato.biz\/neu\/wp-json\/wp\/v2\/comments?post=596"}],"version-history":[{"count":6,"href":"http:\/\/sindicato.biz\/neu\/wp-json\/wp\/v2\/pages\/596\/revisions"}],"predecessor-version":[{"id":661,"href":"http:\/\/sindicato.biz\/neu\/wp-json\/wp\/v2\/pages\/596\/revisions\/661"}],"up":[{"embeddable":true,"href":"http:\/\/sindicato.biz\/neu\/wp-json\/wp\/v2\/pages\/19"}],"wp:attachment":[{"href":"http:\/\/sindicato.biz\/neu\/wp-json\/wp\/v2\/media?parent=596"}],"curies":[{"name":"wp","href":"https:\/\/api.w.org\/{rel}","templated":true}]}}

Associação Memoriando &#45; identidade e web site arquivo

<p>A associação Memoriando é  um projecto que pretende estabelecer  pontes para o futuro,  salvaguardando um passado ainda por descrever,  com o objectivo de  sistematizar  e recuperar informação. Um grupo de  antigos responsáveis  das <a href="http://memoriando.net/br" target="_blank">Brigadas Revolucionárias (BR)</a> e do <a href="http://memoriando.net/prp" target="_blank">Partido Revolucionário   do Proletariado (PRP)</a>, resolveram juntar todas as peças  possíveis  da memória destas organizações e da sua experiência histórica por  entenderem que é uma experiência suficientemente rica e importante para   não ficar perdida ou diluída. Esta recolha diz respeito ao período das   BR e do PRP anterior ao 25 de Abril e a todo o período posterior a esta   data.</p>
<p><strong>Cartaz</strong></p>
<p><strong><img loading="lazy" src="../../wp-content/uploads/2010/05/memoriando_cartaz1.jpg" alt="" width="540" height="684" /><br />
</strong></p>
<p><strong>Autocolante  (65 x 50 mm)</strong></p>
<p><strong><img loading="lazy" src="../../wp-content/uploads/2010/05/memoriando_autocolante_11.jpg" alt="" width="540" height="165" /><br />
</strong></p>
<p><strong>Autocolantes  (85 x 55 mm)</strong></p>
<p><img loading="lazy" src="../../wp-content/uploads/2010/05/memoriando_autocolantes_21.jpg" alt="" width="540" height="354" /></p>
<p><strong>Cartões de visita  (85 x 55 mm)</strong></p>
<p><img loading="lazy" src="../../wp-content/uploads/2010/05/memoriando_cartoes_visita1.jpg" alt="" width="540" height="530" /></p>
<p><strong>Web site</strong></p>
<p><a href="http://memoriando.net/" target="_blank"><img loading="lazy" title="ver site" src="../../wp-content/uploads/2010/05/memoriando_site.jpg" alt="" width="540" height="503" /></a></p>
<p><a href="http://memoriando.net/" target="_blank">Ver web site  memoriando.net</a></p>

<p>A associação Memoriando é  um projecto que pretende estabelecer pontes para o futuro, salvaguardando um passado ainda por descrever, com o objectivo de sistematizar  e recuperar informação. Um grupo de antigos responsáveis das Brigadas Revolucionárias (BR) e do Partido Revolucionário do Proletariado (PRP), resolveram juntar todas as peças possíveis da memória destas organizações e da &hellip; <a href="http://sindicato.biz/neu/trabalhos-work/associacao-memoriando-identidade-e-web-site-arquivo" class="more-link">Continue reading<span class="screen-reader-text"> &#8220;Associação Memoriando &#45; identidade e web site arquivo&#8221;</span></a></p>
