{"id":588,"date":"2010-05-01T15:39:57","date_gmt":"2010-05-01T15:39:57","guid":{"rendered":"http:\/\/sindicato.biz\/neu\/?page_id=588"},"modified":"2011-11-03T18:08:32","modified_gmt":"2011-11-03T18:08:32","slug":"invest-lisboa-identidade-corporativa","status":"publish","type":"page","link":"http:\/\/sindicato.biz\/neu\/trabalhos-work\/invest-lisboa-identidade-corporativa","title":{"rendered":"Invest Lisboa &#45; identidade corporativa"},"content":{"rendered":"<p>Nova identidade Invest Lisboa \u2013 uma parceira entre a Associa\u00e7\u00e3o  Comercial de Lisboa, C\u00e2mara Municipal de Lisboa e Ag\u00eancia para o  Investimento e Com\u00e9rcio Externo de Portugal.<\/p>\n<p>O lettering escolhido \u00e9 da mesma fam\u00edlia do da C\u00e2mara Municipal de  Lisboa, procurando uma const\u00e2ncia na representa\u00e7\u00e3o gr\u00e1fica do nome da  cidade. As cores escolhidas remetem para o azul do mar e do c\u00e9u lisboeta  e para o amarelo do sol.<\/p>\n<p><a href=\"http:\/\/sindicato.biz\/neu\/wp-content\/uploads\/2009\/06\/investlisboa_1.jpg\"><img title=\"investlisboa_1\" src=\"http:\/\/sindicato.biz\/neu\/wp-content\/uploads\/2009\/06\/investlisboa_1.jpg\" alt=\"\" width=\"530\" \/><\/a><\/p>\n","protected":false},"excerpt":{"rendered":"<p>Nova identidade Invest Lisboa \u2013 uma parceira entre a Associa\u00e7\u00e3o Comercial de Lisboa, C\u00e2mara Municipal de Lisboa e Ag\u00eancia para o Investimento e Com\u00e9rcio Externo de Portugal. O lettering escolhido \u00e9 da mesma fam\u00edlia do da C\u00e2mara Municipal de Lisboa, procurando uma const\u00e2ncia na representa\u00e7\u00e3o gr\u00e1fica do nome da cidade. As cores escolhidas remetem para &hellip; <a href=\"http:\/\/sindicato.biz\/neu\/trabalhos-work\/invest-lisboa-identidade-corporativa\" class=\"more-link\">Continue reading<span class=\"screen-reader-text\"> &#8220;Invest Lisboa &#45; identidade corporativa&#8221;<\/span><\/a><\/p>\n","protected":false},"author":1,"featured_media":0,"parent":19,"menu_order":9,"comment_status":"open","ping_status":"open","template":"","meta":[],"_links":{"self":[{"href":"http:\/\/sindicato.biz\/neu\/wp-json\/wp\/v2\/pages\/588"}],"collection":[{"href":"http:\/\/sindicato.biz\/neu\/wp-json\/wp\/v2\/pages"}],"about":[{"href":"http:\/\/sindicato.biz\/neu\/wp-json\/wp\/v2\/types\/page"}],"author":[{"embeddable":true,"href":"http:\/\/sindicato.biz\/neu\/wp-json\/wp\/v2\/users\/1"}],"replies":[{"embeddable":true,"href":"http:\/\/sindicato.biz\/neu\/wp-json\/wp\/v2\/comments?post=588"}],"version-history":[{"count":11,"href":"http:\/\/sindicato.biz\/neu\/wp-json\/wp\/v2\/pages\/588\/revisions"}],"predecessor-version":[{"id":756,"href":"http:\/\/sindicato.biz\/neu\/wp-json\/wp\/v2\/pages\/588\/revisions\/756"}],"up":[{"embeddable":true,"href":"http:\/\/sindicato.biz\/neu\/wp-json\/wp\/v2\/pages\/19"}],"wp:attachment":[{"href":"http:\/\/sindicato.biz\/neu\/wp-json\/wp\/v2\/media?parent=588"}],"curies":[{"name":"wp","href":"https:\/\/api.w.org\/{rel}","templated":true}]}}

<p>Nova identidade Invest Lisboa – uma parceira entre a Associação  Comercial de Lisboa, Câmara Municipal de Lisboa e Agência para o  Investimento e Comércio Externo de Portugal.</p>
<p>O lettering escolhido é da mesma família do da Câmara Municipal de  Lisboa, procurando uma constância na representação gráfica do nome da  cidade. As cores escolhidas remetem para o azul do mar e do céu lisboeta  e para o amarelo do sol.</p>
<p><a href="http://sindicato.biz/neu/wp-content/uploads/2009/06/investlisboa_1.jpg"><img title="investlisboa_1" src="http://sindicato.biz/neu/wp-content/uploads/2009/06/investlisboa_1.jpg" alt="" width="530" /></a></p>

<p>Nova identidade Invest Lisboa – uma parceira entre a Associação Comercial de Lisboa, Câmara Municipal de Lisboa e Agência para o Investimento e Comércio Externo de Portugal. O lettering escolhido é da mesma família do da Câmara Municipal de Lisboa, procurando uma constância na representação gráfica do nome da cidade. As cores escolhidas remetem para &hellip; <a href="http://sindicato.biz/neu/trabalhos-work/invest-lisboa-identidade-corporativa" class="more-link">Continue reading<span class="screen-reader-text"> &#8220;Invest Lisboa &#45; identidade corporativa&#8221;</span></a></p>
