{"id":491,"date":"2009-01-04T20:13:04","date_gmt":"2009-01-04T20:13:04","guid":{"rendered":"http:\/\/sindicato.biz\/neu\/?page_id=491"},"modified":"2011-05-26T23:14:26","modified_gmt":"2011-05-26T23:14:26","slug":"olivete-17pix-tipo-de-letra","status":"publish","type":"page","link":"http:\/\/sindicato.biz\/neu\/trabalhos-work\/olivete-17pix-tipo-de-letra","title":{"rendered":"Olivete 17pix &#45; tipo de letra"},"content":{"rendered":"<p>Utilizada pela primeira vez na p\u00e1gina do m\u00eas de Maio do <a href=\"http:\/\/sindicato.biz\/neu\/?page_id=487\">calend\u00e1rio 2008<\/a> da empresa Mola Ativism.<\/p>\n<p>Em ecr\u00e3s, a visualiza\u00e7\u00e3o \u00e9 melhor a 17 pixeis.<\/p>\n<p><a title=\"olivete_fonte.jpg\" href=\"http:\/\/sindicato.biz\/wp-content\/uploads\/2008\/01\/olivete_fonte.jpg\"><img src=\"http:\/\/sindicato.biz\/wp-content\/uploads\/2008\/01\/olivete_fonte.jpg\" alt=\"olivete_fonte.jpg\" \/><\/a><\/p>\n","protected":false},"excerpt":{"rendered":"<p>Utilizada pela primeira vez na p\u00e1gina do m\u00eas de Maio do calend\u00e1rio 2008 da empresa Mola Ativism. Em ecr\u00e3s, a visualiza\u00e7\u00e3o \u00e9 melhor a 17 pixeis.<\/p>\n","protected":false},"author":1,"featured_media":0,"parent":19,"menu_order":12,"comment_status":"closed","ping_status":"closed","template":"","meta":[],"_links":{"self":[{"href":"http:\/\/sindicato.biz\/neu\/wp-json\/wp\/v2\/pages\/491"}],"collection":[{"href":"http:\/\/sindicato.biz\/neu\/wp-json\/wp\/v2\/pages"}],"about":[{"href":"http:\/\/sindicato.biz\/neu\/wp-json\/wp\/v2\/types\/page"}],"author":[{"embeddable":true,"href":"http:\/\/sindicato.biz\/neu\/wp-json\/wp\/v2\/users\/1"}],"replies":[{"embeddable":true,"href":"http:\/\/sindicato.biz\/neu\/wp-json\/wp\/v2\/comments?post=491"}],"version-history":[{"count":4,"href":"http:\/\/sindicato.biz\/neu\/wp-json\/wp\/v2\/pages\/491\/revisions"}],"predecessor-version":[{"id":669,"href":"http:\/\/sindicato.biz\/neu\/wp-json\/wp\/v2\/pages\/491\/revisions\/669"}],"up":[{"embeddable":true,"href":"http:\/\/sindicato.biz\/neu\/wp-json\/wp\/v2\/pages\/19"}],"wp:attachment":[{"href":"http:\/\/sindicato.biz\/neu\/wp-json\/wp\/v2\/media?parent=491"}],"curies":[{"name":"wp","href":"https:\/\/api.w.org\/{rel}","templated":true}]}}

<p>Utilizada pela primeira vez na página do mês de Maio do <a href="http://sindicato.biz/neu/?page_id=487">calendário 2008</a> da empresa Mola Ativism.</p>
<p>Em ecrãs, a visualização é melhor a 17 pixeis.</p>
<p><a title="olivete_fonte.jpg" href="http://sindicato.biz/wp-content/uploads/2008/01/olivete_fonte.jpg"><img src="http://sindicato.biz/wp-content/uploads/2008/01/olivete_fonte.jpg" alt="olivete_fonte.jpg" /></a></p>

<p>Utilizada pela primeira vez na página do mês de Maio do calendário 2008 da empresa Mola Ativism. Em ecrãs, a visualização é melhor a 17 pixeis.</p>
