{"id":487,"date":"2009-01-04T20:07:05","date_gmt":"2009-01-04T20:07:05","guid":{"rendered":"http:\/\/sindicato.biz\/neu\/?page_id=487"},"modified":"2011-05-26T23:14:17","modified_gmt":"2011-05-26T23:14:17","slug":"mola-ativism-calendario-2008","status":"publish","type":"page","link":"http:\/\/sindicato.biz\/neu\/trabalhos-work\/mola-ativism-calendario-2008","title":{"rendered":"Mola Ativism &#45; calend\u00e1rio 2008"},"content":{"rendered":"<p>A convite da empresa Mola Ativism, criei a p\u00e1gina para o m\u00eas de Maio.<\/p>\n<p>Cada p\u00e1gina foi feita por um designer diferente, tendo como base uma frase para cada m\u00eas e a obrigatoriedade da utiliza\u00e7\u00e3o de um <a href=\"http:\/\/sindicato.biz\/neu\/?page_id=491\">tipo de letra original<\/a>.<\/p>\n<p><a title=\"calendario_1.jpg\" href=\"http:\/\/sindicato.biz\/wp-content\/uploads\/2008\/01\/calendario_1.jpg\"><img src=\"http:\/\/sindicato.biz\/wp-content\/uploads\/2008\/01\/calendario_1.jpg\" alt=\"calendario_1.jpg\" \/><\/a><\/p>\n<p><a title=\"calendario_2.jpg\" href=\"http:\/\/sindicato.biz\/wp-content\/uploads\/2008\/01\/calendario_2.jpg\"><img src=\"http:\/\/sindicato.biz\/wp-content\/uploads\/2008\/01\/calendario_2.jpg\" alt=\"calendario_2.jpg\" \/><\/a><\/p>\n<p>Fotografia do conjunto<\/p>\n<p><a title=\"calendario_3.jpg\" href=\"http:\/\/sindicato.biz\/wp-content\/uploads\/2008\/01\/calendario_3.jpg\"><img src=\"http:\/\/sindicato.biz\/wp-content\/uploads\/2008\/01\/calendario_3.jpg\" alt=\"calendario_3.jpg\" \/><\/a><\/p>\n","protected":false},"excerpt":{"rendered":"<p>A convite da empresa Mola Ativism, criei a p\u00e1gina para o m\u00eas de Maio. Cada p\u00e1gina foi feita por um designer diferente, tendo como base uma frase para cada m\u00eas e a obrigatoriedade da utiliza\u00e7\u00e3o de um tipo de letra original. Fotografia do conjunto<\/p>\n","protected":false},"author":1,"featured_media":0,"parent":19,"menu_order":12,"comment_status":"closed","ping_status":"open","template":"","meta":[],"_links":{"self":[{"href":"http:\/\/sindicato.biz\/neu\/wp-json\/wp\/v2\/pages\/487"}],"collection":[{"href":"http:\/\/sindicato.biz\/neu\/wp-json\/wp\/v2\/pages"}],"about":[{"href":"http:\/\/sindicato.biz\/neu\/wp-json\/wp\/v2\/types\/page"}],"author":[{"embeddable":true,"href":"http:\/\/sindicato.biz\/neu\/wp-json\/wp\/v2\/users\/1"}],"replies":[{"embeddable":true,"href":"http:\/\/sindicato.biz\/neu\/wp-json\/wp\/v2\/comments?post=487"}],"version-history":[{"count":5,"href":"http:\/\/sindicato.biz\/neu\/wp-json\/wp\/v2\/pages\/487\/revisions"}],"predecessor-version":[{"id":668,"href":"http:\/\/sindicato.biz\/neu\/wp-json\/wp\/v2\/pages\/487\/revisions\/668"}],"up":[{"embeddable":true,"href":"http:\/\/sindicato.biz\/neu\/wp-json\/wp\/v2\/pages\/19"}],"wp:attachment":[{"href":"http:\/\/sindicato.biz\/neu\/wp-json\/wp\/v2\/media?parent=487"}],"curies":[{"name":"wp","href":"https:\/\/api.w.org\/{rel}","templated":true}]}}

Mola Ativism &#45; calendário 2008

<p>A convite da empresa Mola Ativism, criei a página para o mês de Maio.</p>
<p>Cada página foi feita por um designer diferente, tendo como base uma frase para cada mês e a obrigatoriedade da utilização de um <a href="http://sindicato.biz/neu/?page_id=491">tipo de letra original</a>.</p>
<p><a title="calendario_1.jpg" href="http://sindicato.biz/wp-content/uploads/2008/01/calendario_1.jpg"><img src="http://sindicato.biz/wp-content/uploads/2008/01/calendario_1.jpg" alt="calendario_1.jpg" /></a></p>
<p><a title="calendario_2.jpg" href="http://sindicato.biz/wp-content/uploads/2008/01/calendario_2.jpg"><img src="http://sindicato.biz/wp-content/uploads/2008/01/calendario_2.jpg" alt="calendario_2.jpg" /></a></p>
<p>Fotografia do conjunto</p>
<p><a title="calendario_3.jpg" href="http://sindicato.biz/wp-content/uploads/2008/01/calendario_3.jpg"><img src="http://sindicato.biz/wp-content/uploads/2008/01/calendario_3.jpg" alt="calendario_3.jpg" /></a></p>

<p>A convite da empresa Mola Ativism, criei a página para o mês de Maio. Cada página foi feita por um designer diferente, tendo como base uma frase para cada mês e a obrigatoriedade da utilização de um tipo de letra original. Fotografia do conjunto</p>
