{"id":262,"date":"2008-02-03T18:46:35","date_gmt":"2008-02-03T18:46:35","guid":{"rendered":"http:\/\/sindicato.biz\/neu\/?page_id=262"},"modified":"2011-05-26T23:18:48","modified_gmt":"2011-05-26T23:18:48","slug":"wearplay-marca-wy","status":"publish","type":"page","link":"http:\/\/sindicato.biz\/neu\/trabalhos-work\/wearplay-marca-wy","title":{"rendered":"Wearplay &#45; sub-marca WY"},"content":{"rendered":"<h4>Identidade e presen\u00e7a da marca WY na loja Wearplay do Chiado \u2013 2005<\/h4>\n<p>Interven\u00e7\u00e3o gr\u00e1fica na parede da loja com marcador preto e vinil recortado.<\/p>\n<p><em>*Trabalho desenvolvido na Brandia. Direitos pertencentes a Brandia Central e Wearplay. <\/em><\/p>\n<p><a href=\"http:\/\/sindicato.biz\/neu\/wp-content\/uploads\/2008\/02\/wy_1.jpg\" title=\"wy_1.jpg\"><img src=\"http:\/\/sindicato.biz\/neu\/wp-content\/uploads\/2008\/02\/wy_1.jpg\" alt=\"wy_1.jpg\" \/><\/a><\/p>\n<p><a href=\"http:\/\/sindicato.biz\/neu\/wp-content\/uploads\/2008\/02\/wy_2.jpg\" title=\"wy_2.jpg\"><img src=\"http:\/\/sindicato.biz\/neu\/wp-content\/uploads\/2008\/02\/wy_2.jpg\" alt=\"wy_2.jpg\" \/><\/a><\/p>\n<p><a href=\"http:\/\/sindicato.biz\/neu\/wp-content\/uploads\/2008\/02\/wy_3.jpg\" title=\"wy_3.jpg\"><img src=\"http:\/\/sindicato.biz\/neu\/wp-content\/uploads\/2008\/02\/wy_3.jpg\" alt=\"wy_3.jpg\" \/><\/a><\/p>\n<p><a href=\"http:\/\/sindicato.biz\/neu\/wp-content\/uploads\/2008\/02\/wy_4.jpg\" title=\"wy_4.jpg\"><img src=\"http:\/\/sindicato.biz\/neu\/wp-content\/uploads\/2008\/02\/wy_4.jpg\" alt=\"wy_4.jpg\" \/><\/a><\/p>\n<p><a href=\"http:\/\/sindicato.biz\/neu\/wp-content\/uploads\/2008\/02\/wy_5.jpg\" title=\"wy_5.jpg\"><img src=\"http:\/\/sindicato.biz\/neu\/wp-content\/uploads\/2008\/02\/wy_5.jpg\" alt=\"wy_5.jpg\" \/><\/a><\/p>\n","protected":false},"excerpt":{"rendered":"<p>Identidade e presen\u00e7a da marca WY na loja Wearplay do Chiado \u2013 2005 Interven\u00e7\u00e3o gr\u00e1fica na parede da loja com marcador preto e vinil recortado. *Trabalho desenvolvido na Brandia. Direitos pertencentes a Brandia Central e Wearplay.<\/p>\n","protected":false},"author":1,"featured_media":0,"parent":19,"menu_order":26,"comment_status":"closed","ping_status":"closed","template":"","meta":[],"_links":{"self":[{"href":"http:\/\/sindicato.biz\/neu\/wp-json\/wp\/v2\/pages\/262"}],"collection":[{"href":"http:\/\/sindicato.biz\/neu\/wp-json\/wp\/v2\/pages"}],"about":[{"href":"http:\/\/sindicato.biz\/neu\/wp-json\/wp\/v2\/types\/page"}],"author":[{"embeddable":true,"href":"http:\/\/sindicato.biz\/neu\/wp-json\/wp\/v2\/users\/1"}],"replies":[{"embeddable":true,"href":"http:\/\/sindicato.biz\/neu\/wp-json\/wp\/v2\/comments?post=262"}],"version-history":[{"count":2,"href":"http:\/\/sindicato.biz\/neu\/wp-json\/wp\/v2\/pages\/262\/revisions"}],"predecessor-version":[{"id":688,"href":"http:\/\/sindicato.biz\/neu\/wp-json\/wp\/v2\/pages\/262\/revisions\/688"}],"up":[{"embeddable":true,"href":"http:\/\/sindicato.biz\/neu\/wp-json\/wp\/v2\/pages\/19"}],"wp:attachment":[{"href":"http:\/\/sindicato.biz\/neu\/wp-json\/wp\/v2\/media?parent=262"}],"curies":[{"name":"wp","href":"https:\/\/api.w.org\/{rel}","templated":true}]}}

<h4>Identidade e presença da marca WY na loja Wearplay do Chiado – 2005</h4>
<p>Intervenção gráfica na parede da loja com marcador preto e vinil recortado.</p>
<p><em>*Trabalho desenvolvido na Brandia. Direitos pertencentes a Brandia Central e Wearplay. </em></p>
<p><a href="http://sindicato.biz/neu/wp-content/uploads/2008/02/wy_1.jpg" title="wy_1.jpg"><img src="http://sindicato.biz/neu/wp-content/uploads/2008/02/wy_1.jpg" alt="wy_1.jpg" /></a></p>
<p><a href="http://sindicato.biz/neu/wp-content/uploads/2008/02/wy_2.jpg" title="wy_2.jpg"><img src="http://sindicato.biz/neu/wp-content/uploads/2008/02/wy_2.jpg" alt="wy_2.jpg" /></a></p>
<p><a href="http://sindicato.biz/neu/wp-content/uploads/2008/02/wy_3.jpg" title="wy_3.jpg"><img src="http://sindicato.biz/neu/wp-content/uploads/2008/02/wy_3.jpg" alt="wy_3.jpg" /></a></p>
<p><a href="http://sindicato.biz/neu/wp-content/uploads/2008/02/wy_4.jpg" title="wy_4.jpg"><img src="http://sindicato.biz/neu/wp-content/uploads/2008/02/wy_4.jpg" alt="wy_4.jpg" /></a></p>
<p><a href="http://sindicato.biz/neu/wp-content/uploads/2008/02/wy_5.jpg" title="wy_5.jpg"><img src="http://sindicato.biz/neu/wp-content/uploads/2008/02/wy_5.jpg" alt="wy_5.jpg" /></a></p>

<p>Identidade e presença da marca WY na loja Wearplay do Chiado – 2005 Intervenção gráfica na parede da loja com marcador preto e vinil recortado. *Trabalho desenvolvido na Brandia. Direitos pertencentes a Brandia Central e Wearplay.</p>
