{"id":234,"date":"2008-02-01T21:14:40","date_gmt":"2008-02-01T21:14:40","guid":{"rendered":"http:\/\/sindicato.biz\/neu\/?page_id=234"},"modified":"2011-05-26T23:16:22","modified_gmt":"2011-05-26T23:16:22","slug":"vyrus-loja-yorn-promocao","status":"publish","type":"page","link":"http:\/\/sindicato.biz\/neu\/trabalhos-work\/vyrus-loja-yorn-promocao","title":{"rendered":"Vyrus (loja Yorn) &#45; promo\u00e7\u00e3o"},"content":{"rendered":"<h4>Promo\u00e7\u00e3o da loja Yorn\/Vodafone no Chiado \u2013 2002\/2003<\/h4>\n<p><em>*Trabalho desenvolvido na Basement. Direitos pertencentes a Brandia Central e Vodafone. <\/em><\/p>\n<p><strong>Campanha de lan\u00e7amento<\/strong><\/p>\n<p><a href=\"http:\/\/sindicato.biz\/neu\/wp-content\/uploads\/2008\/02\/vyrus_1.jpg\" title=\"vyrus_1.jpg\"><img src=\"http:\/\/sindicato.biz\/neu\/wp-content\/uploads\/2008\/02\/vyrus_1.jpg\" alt=\"vyrus_1.jpg\" \/><\/a><\/p>\n<p><strong>Apresenta\u00e7\u00e3o da colec\u00e7\u00e3o Outono\/Inverno 02\/03:<\/strong><\/p>\n<p>mupi<\/p>\n<p><a href=\"http:\/\/sindicato.biz\/neu\/wp-content\/uploads\/2008\/02\/vyrus_2.jpg\" title=\"vyrus_2.jpg\"><img src=\"http:\/\/sindicato.biz\/neu\/wp-content\/uploads\/2008\/02\/vyrus_2.jpg\" alt=\"vyrus_2.jpg\" \/><\/a><\/p>\n<p>flyer<\/p>\n<p><a href=\"http:\/\/sindicato.biz\/neu\/wp-content\/uploads\/2008\/02\/vyrus_3.jpg\" title=\"vyrus_3.jpg\"><img src=\"http:\/\/sindicato.biz\/neu\/wp-content\/uploads\/2008\/02\/vyrus_3.jpg\" alt=\"vyrus_3.jpg\" \/><\/a><\/p>\n<p>cartazes<\/p>\n<p><a href=\"http:\/\/sindicato.biz\/neu\/wp-content\/uploads\/2008\/02\/vyrus_4.jpg\" title=\"vyrus_4.jpg\"><img src=\"http:\/\/sindicato.biz\/neu\/wp-content\/uploads\/2008\/02\/vyrus_4.jpg\" alt=\"vyrus_4.jpg\" \/><\/a><\/p>\n<p><strong>Flyer estudantes<\/strong><\/p>\n<p><a href=\"http:\/\/sindicato.biz\/neu\/wp-content\/uploads\/2008\/02\/vyrus_5.jpg\" title=\"vyrus_5.jpg\"><img src=\"http:\/\/sindicato.biz\/neu\/wp-content\/uploads\/2008\/02\/vyrus_5.jpg\" alt=\"vyrus_5.jpg\" \/><\/a><\/p>\n<p><strong>Campanha de Natal:<\/strong><\/p>\n<p>flyer<\/p>\n<p><a href=\"http:\/\/sindicato.biz\/neu\/wp-content\/uploads\/2008\/02\/vyrus_6.jpg\" title=\"vyrus_6.jpg\"><img src=\"http:\/\/sindicato.biz\/neu\/wp-content\/uploads\/2008\/02\/vyrus_6.jpg\" alt=\"vyrus_6.jpg\" \/><\/a><\/p>\n<p>tela<\/p>\n<p><a href=\"http:\/\/sindicato.biz\/neu\/wp-content\/uploads\/2008\/02\/vyrus_62.jpg\" title=\"vyrus_62.jpg\"><img src=\"http:\/\/sindicato.biz\/neu\/wp-content\/uploads\/2008\/02\/vyrus_62.jpg\" alt=\"vyrus_62.jpg\" \/><\/a><\/p>\n<p><strong>Dia dos Namorados:<\/strong><\/p>\n<p>flyer<\/p>\n<p><a href=\"http:\/\/sindicato.biz\/neu\/wp-content\/uploads\/2008\/02\/vyrus_7.jpg\" title=\"vyrus_7.jpg\"><img src=\"http:\/\/sindicato.biz\/neu\/wp-content\/uploads\/2008\/02\/vyrus_7.jpg\" alt=\"vyrus_7.jpg\" \/><\/a><\/p>\n<p>mupi<\/p>\n<p><a href=\"http:\/\/sindicato.biz\/neu\/wp-content\/uploads\/2008\/02\/vyrus_8.jpg\" title=\"vyrus_8.jpg\"><img src=\"http:\/\/sindicato.biz\/neu\/wp-content\/uploads\/2008\/02\/vyrus_8.jpg\" alt=\"vyrus_8.jpg\" \/><\/a><\/p>\n<p>an\u00fancio Blitz<\/p>\n<p><a href=\"http:\/\/sindicato.biz\/neu\/wp-content\/uploads\/2008\/02\/vyrus_9.jpg\" title=\"vyrus_9.jpg\"><img src=\"http:\/\/sindicato.biz\/neu\/wp-content\/uploads\/2008\/02\/vyrus_9.jpg\" alt=\"vyrus_9.jpg\" \/><\/a><\/p>\n<p><strong>Apresenta\u00e7\u00e3 da colec\u00e7\u00e3o Primavera\/Ver\u00e3o 03:<\/strong><\/p>\n<p>flyer<\/p>\n<p><a href=\"http:\/\/sindicato.biz\/neu\/wp-content\/uploads\/2008\/02\/vyrus_10.jpg\" title=\"vyrus_10.jpg\"><img src=\"http:\/\/sindicato.biz\/neu\/wp-content\/uploads\/2008\/02\/vyrus_10.jpg\" alt=\"vyrus_10.jpg\" \/><\/a><\/p>\n<p>convite<\/p>\n<p><a href=\"http:\/\/sindicato.biz\/neu\/wp-content\/uploads\/2008\/02\/vyrus_11.jpg\" title=\"vyrus_11.jpg\"><img src=\"http:\/\/sindicato.biz\/neu\/wp-content\/uploads\/2008\/02\/vyrus_11.jpg\" alt=\"vyrus_11.jpg\" \/><\/a><\/p>\n<p>mupis e cartazes<\/p>\n<p><a href=\"http:\/\/sindicato.biz\/neu\/wp-content\/uploads\/2008\/02\/vyrus_12.jpg\" title=\"vyrus_12.jpg\"><img src=\"http:\/\/sindicato.biz\/neu\/wp-content\/uploads\/2008\/02\/vyrus_12.jpg\" alt=\"vyrus_12.jpg\" \/><\/a><\/p>\n<p>crach\u00e1s<\/p>\n<p><a href=\"http:\/\/sindicato.biz\/neu\/wp-content\/uploads\/2008\/02\/vyrus_13.jpg\" title=\"vyrus_13.jpg\"><img src=\"http:\/\/sindicato.biz\/neu\/wp-content\/uploads\/2008\/02\/vyrus_13.jpg\" alt=\"vyrus_13.jpg\" \/><\/a><\/p>\n<p>t-shirts<\/p>\n<p><a href=\"http:\/\/sindicato.biz\/neu\/wp-content\/uploads\/2008\/02\/vyrus_14.jpg\" title=\"vyrus_14.jpg\"><img src=\"http:\/\/sindicato.biz\/neu\/wp-content\/uploads\/2008\/02\/vyrus_14.jpg\" alt=\"vyrus_14.jpg\" \/><\/a><\/p>\n","protected":false},"excerpt":{"rendered":"<p>Promo\u00e7\u00e3o da loja Yorn\/Vodafone no Chiado \u2013 2002\/2003 *Trabalho desenvolvido na Basement. Direitos pertencentes a Brandia Central e Vodafone. Campanha de lan\u00e7amento Apresenta\u00e7\u00e3o da colec\u00e7\u00e3o Outono\/Inverno 02\/03: mupi flyer cartazes Flyer estudantes Campanha de Natal: flyer tela Dia dos Namorados: flyer mupi an\u00fancio Blitz Apresenta\u00e7\u00e3 da colec\u00e7\u00e3o Primavera\/Ver\u00e3o 03: flyer convite mupis e cartazes crach\u00e1s &hellip; <a href=\"http:\/\/sindicato.biz\/neu\/trabalhos-work\/vyrus-loja-yorn-promocao\" class=\"more-link\">Continue reading<span class=\"screen-reader-text\"> &#8220;Vyrus (loja Yorn) &#45; promo\u00e7\u00e3o&#8221;<\/span><\/a><\/p>\n","protected":false},"author":1,"featured_media":0,"parent":19,"menu_order":21,"comment_status":"closed","ping_status":"closed","template":"","meta":[],"_links":{"self":[{"href":"http:\/\/sindicato.biz\/neu\/wp-json\/wp\/v2\/pages\/234"}],"collection":[{"href":"http:\/\/sindicato.biz\/neu\/wp-json\/wp\/v2\/pages"}],"about":[{"href":"http:\/\/sindicato.biz\/neu\/wp-json\/wp\/v2\/types\/page"}],"author":[{"embeddable":true,"href":"http:\/\/sindicato.biz\/neu\/wp-json\/wp\/v2\/users\/1"}],"replies":[{"embeddable":true,"href":"http:\/\/sindicato.biz\/neu\/wp-json\/wp\/v2\/comments?post=234"}],"version-history":[{"count":2,"href":"http:\/\/sindicato.biz\/neu\/wp-json\/wp\/v2\/pages\/234\/revisions"}],"predecessor-version":[{"id":679,"href":"http:\/\/sindicato.biz\/neu\/wp-json\/wp\/v2\/pages\/234\/revisions\/679"}],"up":[{"embeddable":true,"href":"http:\/\/sindicato.biz\/neu\/wp-json\/wp\/v2\/pages\/19"}],"wp:attachment":[{"href":"http:\/\/sindicato.biz\/neu\/wp-json\/wp\/v2\/media?parent=234"}],"curies":[{"name":"wp","href":"https:\/\/api.w.org\/{rel}","templated":true}]}}