{"id":131,"date":"2008-01-29T01:08:20","date_gmt":"2008-01-29T01:08:20","guid":{"rendered":"http:\/\/sindicato.biz\/neu\/?page_id=131"},"modified":"2011-05-26T23:14:34","modified_gmt":"2011-05-26T23:14:34","slug":"red-bull-postais-brandia-spot","status":"publish","type":"page","link":"http:\/\/sindicato.biz\/neu\/trabalhos-work\/red-bull-postais-brandia-spot","title":{"rendered":"Red Bull &#45; postais Brandia Spot"},"content":{"rendered":"<h4>Colec\u00e7\u00e3o de postais, patrocinada pela Red Bull, para a galeria de arte Brandia Spot \u2013 2004<\/h4>\n<p>Numa das paredes da galeria de arte Brandia Spot foi afixada a composi\u00e7\u00e3o total, planificada e sem cortes. Ao seu redor foram colocadas v\u00e1rias luzes UV que agiam com as seis cores fluorescentes com que foi impressa. Por baixo estavam tr\u00eas continentes verde fluorescente de onde poderia ser retirada a colec\u00e7\u00e3o de postais.<\/p>\n<p><em>*Trabalho desenvolvido na Brandia. Direitos pertencentes a Brandia Central e Red Bull.<\/em><\/p>\n<p><strong>Composi\u00e7\u00e3o planificada \u2013 frente e verso<\/strong><\/p>\n<p><a href=\"http:\/\/sindicato.biz\/neu\/wp-content\/uploads\/2008\/01\/postais_redbull_1.jpg\" title=\"postais_redbull_1.jpg\"><img src=\"http:\/\/sindicato.biz\/neu\/wp-content\/uploads\/2008\/01\/postais_redbull_1.jpg\" alt=\"postais_redbull_1.jpg\" \/><\/a><\/p>\n<p><strong>Postais<\/strong> (<em>&gt;clique para ampliar<\/em>):<\/p>\n<p><a href=\"http:\/\/sindicato.biz\/neu\/wp-content\/uploads\/2008\/01\/postais_redbull_21.jpg\" title=\"postais_redbull_21.jpg\"><img src=\"http:\/\/sindicato.biz\/neu\/wp-content\/uploads\/2008\/01\/postais_redbull_21.thumbnail.jpg\" alt=\"postais_redbull_21.jpg\" \/><\/a>             <a href=\"http:\/\/sindicato.biz\/neu\/wp-content\/uploads\/2008\/01\/postais_redbull_22.jpg\" title=\"postais_redbull_22.jpg\"><img src=\"http:\/\/sindicato.biz\/neu\/wp-content\/uploads\/2008\/01\/postais_redbull_22.thumbnail.jpg\" alt=\"postais_redbull_22.jpg\" \/>                <\/a><a href=\"http:\/\/sindicato.biz\/neu\/wp-content\/uploads\/2008\/01\/postais_redbull_23.jpg\" title=\"postais_redbull_23.jpg\"><img src=\"http:\/\/sindicato.biz\/neu\/wp-content\/uploads\/2008\/01\/postais_redbull_23.thumbnail.jpg\" alt=\"postais_redbull_23.jpg\" \/><\/a><\/p>\n<p><a href=\"http:\/\/sindicato.biz\/neu\/wp-content\/uploads\/2008\/01\/postais_redbull_24.jpg\" title=\"postais_redbull_24.jpg\"><img src=\"http:\/\/sindicato.biz\/neu\/wp-content\/uploads\/2008\/01\/postais_redbull_24.thumbnail.jpg\" alt=\"postais_redbull_24.jpg\" \/>                 <\/a><a href=\"http:\/\/sindicato.biz\/neu\/wp-content\/uploads\/2008\/01\/postais_redbull_25.jpg\" title=\"postais_redbull_25.jpg\"><img src=\"http:\/\/sindicato.biz\/neu\/wp-content\/uploads\/2008\/01\/postais_redbull_25.thumbnail.jpg\" alt=\"postais_redbull_25.jpg\" \/>                 <\/a><a href=\"http:\/\/sindicato.biz\/neu\/wp-content\/uploads\/2008\/01\/postais_redbull_26.jpg\" title=\"postais_redbull_26.jpg\"><img src=\"http:\/\/sindicato.biz\/neu\/wp-content\/uploads\/2008\/01\/postais_redbull_26.thumbnail.jpg\" alt=\"postais_redbull_26.jpg\" \/><\/a><\/p>\n<p><a href=\"http:\/\/sindicato.biz\/neu\/wp-content\/uploads\/2008\/01\/postais_redbull_27.jpg\" title=\"postais_redbull_27.jpg\"><img src=\"http:\/\/sindicato.biz\/neu\/wp-content\/uploads\/2008\/01\/postais_redbull_27.thumbnail.jpg\" alt=\"postais_redbull_27.jpg\" \/>                 <\/a><a href=\"http:\/\/sindicato.biz\/neu\/wp-content\/uploads\/2008\/01\/postais_redbull_28.jpg\" title=\"postais_redbull_28.jpg\"><img src=\"http:\/\/sindicato.biz\/neu\/wp-content\/uploads\/2008\/01\/postais_redbull_28.thumbnail.jpg\" alt=\"postais_redbull_28.jpg\" \/>                 <\/a><a href=\"http:\/\/sindicato.biz\/neu\/wp-content\/uploads\/2008\/01\/postais_redbull_29.jpg\" title=\"postais_redbull_29.jpg\"><img src=\"http:\/\/sindicato.biz\/neu\/wp-content\/uploads\/2008\/01\/postais_redbull_29.thumbnail.jpg\" alt=\"postais_redbull_29.jpg\" \/><\/a><\/p>\n<p><a href=\"http:\/\/sindicato.biz\/neu\/wp-content\/uploads\/2008\/01\/postais_redbull_210.jpg\" title=\"postais_redbull_210.jpg\"><img src=\"http:\/\/sindicato.biz\/neu\/wp-content\/uploads\/2008\/01\/postais_redbull_210.thumbnail.jpg\" alt=\"postais_redbull_210.jpg\" \/><\/a><\/p>\n","protected":false},"excerpt":{"rendered":"<p>Colec\u00e7\u00e3o de postais, patrocinada pela Red Bull, para a galeria de arte Brandia Spot \u2013 2004 Numa das paredes da galeria de arte Brandia Spot foi afixada a composi\u00e7\u00e3o total, planificada e sem cortes. Ao seu redor foram colocadas v\u00e1rias luzes UV que agiam com as seis cores fluorescentes com que foi impressa. Por baixo &hellip; <a href=\"http:\/\/sindicato.biz\/neu\/trabalhos-work\/red-bull-postais-brandia-spot\" class=\"more-link\">Continue reading<span class=\"screen-reader-text\"> &#8220;Red Bull &#45; postais Brandia Spot&#8221;<\/span><\/a><\/p>\n","protected":false},"author":1,"featured_media":0,"parent":19,"menu_order":13,"comment_status":"closed","ping_status":"closed","template":"","meta":[],"_links":{"self":[{"href":"http:\/\/sindicato.biz\/neu\/wp-json\/wp\/v2\/pages\/131"}],"collection":[{"href":"http:\/\/sindicato.biz\/neu\/wp-json\/wp\/v2\/pages"}],"about":[{"href":"http:\/\/sindicato.biz\/neu\/wp-json\/wp\/v2\/types\/page"}],"author":[{"embeddable":true,"href":"http:\/\/sindicato.biz\/neu\/wp-json\/wp\/v2\/users\/1"}],"replies":[{"embeddable":true,"href":"http:\/\/sindicato.biz\/neu\/wp-json\/wp\/v2\/comments?post=131"}],"version-history":[{"count":2,"href":"http:\/\/sindicato.biz\/neu\/wp-json\/wp\/v2\/pages\/131\/revisions"}],"predecessor-version":[{"id":670,"href":"http:\/\/sindicato.biz\/neu\/wp-json\/wp\/v2\/pages\/131\/revisions\/670"}],"up":[{"embeddable":true,"href":"http:\/\/sindicato.biz\/neu\/wp-json\/wp\/v2\/pages\/19"}],"wp:attachment":[{"href":"http:\/\/sindicato.biz\/neu\/wp-json\/wp\/v2\/media?parent=131"}],"curies":[{"name":"wp","href":"https:\/\/api.w.org\/{rel}","templated":true}]}}